{"id":354,"date":"2018-02-28T16:58:54","date_gmt":"2018-02-28T15:58:54","guid":{"rendered":"http:\/\/www.footballissima.ch\/?page_id=354"},"modified":"2018-02-28T16:58:54","modified_gmt":"2018-02-28T15:58:54","slug":"dons-2017","status":"publish","type":"page","link":"https:\/\/www.footballissima.ch\/?page_id=354","title":{"rendered":"Dons 2017"},"content":{"rendered":"<p>En 2017, 250 maillots de football, 250 ballons, 250 troph\u00e9es, 300 gobelets et 300 gourdes ont \u00e9t\u00e9 partag\u00e9s et distribu\u00e9s \u00e0 diverses entit\u00e9s.<\/p>\n<p>Fondation BK.LUBAMBA<br \/>\nCourage et dignit\u00e9 pour la jeunesse de la R.D.Congo<br \/>\n<a href=\"http:\/\/www.bklubamba.org\/\" target=\"_blank\" rel=\"noopener noreferrer\">http:\/\/www.bklubamba.org\/<\/a><\/p>\n<p>Escola de futebol construindo sonhos, Rio Bananal, Esperito Santo, Br\u00e9sil<br \/>\n<a href=\"https:\/\/www.facebook.com\/Escola-De-Futebol-Construindo-Sonhos-Rio-Bananal-Es-1486904054933978\/?rc=p\">https:\/\/www.facebook.com\/Escola-De-Futebol-Construindo-Sonhos-Rio-Bananal-Es-1486904054933978\/?rc=p<\/a><\/p>\n<p>Association la Colombe au Congo<\/p>\n<p>Ecole Primaire REP \u00e0 Gen\u00e8ve<\/p>\n<p>Association Caritative Bilifou au Burkina Faso<\/p>\n","protected":false},"excerpt":{"rendered":"<p>En 2017, 250 maillots de football, 250 ballons, 250 troph\u00e9es, 300 gobelets et 300 gourdes ont \u00e9t\u00e9 partag\u00e9s et distribu\u00e9s \u00e0 diverses entit\u00e9s. Fondation BK.LUBAMBA Courage et dignit\u00e9 pour la jeunesse de la R.D.Congo http:\/\/www.bklubamba.org\/ Escola de futebol construindo sonhos, Rio Bananal, Esperito Santo, Br\u00e9sil https:\/\/www.facebook.com\/Escola-De-Futebol-Construindo-Sonhos-Rio-Bananal-Es-1486904054933978\/?rc=p Association la Colombe au Congo Ecole Primaire REP \u00e0&#8230; <a href=\"https:\/\/www.footballissima.ch\/?page_id=354\" class=\"read-more-link\">Read More<\/a><\/p>\n","protected":false},"author":1,"featured_media":0,"parent":0,"menu_order":0,"comment_status":"closed","ping_status":"closed","template":"","meta":{"footnotes":""},"_links":{"self":[{"href":"https:\/\/www.footballissima.ch\/index.php?rest_route=\/wp\/v2\/pages\/354"}],"collection":[{"href":"https:\/\/www.footballissima.ch\/index.php?rest_route=\/wp\/v2\/pages"}],"about":[{"href":"https:\/\/www.footballissima.ch\/index.php?rest_route=\/wp\/v2\/types\/page"}],"author":[{"embeddable":true,"href":"https:\/\/www.footballissima.ch\/index.php?rest_route=\/wp\/v2\/users\/1"}],"replies":[{"embeddable":true,"href":"https:\/\/www.footballissima.ch\/index.php?rest_route=%2Fwp%2Fv2%2Fcomments&post=354"}],"version-history":[{"count":2,"href":"https:\/\/www.footballissima.ch\/index.php?rest_route=\/wp\/v2\/pages\/354\/revisions"}],"predecessor-version":[{"id":356,"href":"https:\/\/www.footballissima.ch\/index.php?rest_route=\/wp\/v2\/pages\/354\/revisions\/356"}],"wp:attachment":[{"href":"https:\/\/www.footballissima.ch\/index.php?rest_route=%2Fwp%2Fv2%2Fmedia&parent=354"}],"curies":[{"name":"wp","href":"https:\/\/api.w.org\/{rel}","templated":true}]}}