{"id":514,"date":"2022-02-24T21:35:20","date_gmt":"2022-02-24T20:35:20","guid":{"rendered":"https:\/\/www.footballissima.ch\/?page_id=514"},"modified":"2022-02-24T21:35:21","modified_gmt":"2022-02-24T20:35:21","slug":"dons-2019-2","status":"publish","type":"page","link":"https:\/\/www.footballissima.ch\/?page_id=514","title":{"rendered":"Dons 2020"},"content":{"rendered":"\n<p>En 2020, nous avons soutenu les associations suivantes en donnant du mat\u00e9riel (maillots, ballons, gourdes, coupes, gobelets).<\/p>\n\n\n\n<p><strong><u>Association d\u2019aide aux victimes de l\u2019explosion \u00e0 Beyrouth<\/u><\/strong><\/p>\n\n\n\n<p><strong><u>Ecole de Football au Br\u00e9sil<\/u><\/strong><strong>&nbsp;:<\/strong><\/p>\n\n\n\n<p>Escola de futebol construindo sonhos, Rio Bananal, Esperito Santo, Br\u00e9sil<\/p>\n\n\n\n<p><a href=\"https:\/\/www.facebook.com\/Escola-De-Futebol-Construindo-Sonhos-Rio-Bananal-Es-1486904054933978\/?rc=p\">https:\/\/www.facebook.com\/Escola-De-Futebol-Construindo-Sonhos-Rio-Bananal-Es-1486904054933978\/?rc=p<\/a><\/p>\n\n\n\n<p><strong><u>Ecole des Palettes, Gen\u00e8ve&nbsp;<\/u><\/strong><\/p>\n\n\n\n<p><strong><u>Association Br\u00e9silienne, Gen\u00e8ve<\/u><\/strong><\/p>\n\n\n\n<p>Enfin, nous avons soutenu l\u2019exploit sportif de Ludovic Gremaud qui a travers\u00e9 en courant les Alpes suisses pour aider&nbsp;:<\/p>\n\n\n\n<p><strong><u>Action Margaux<\/u><\/strong><\/p>\n\n\n\n<p>Association qui favorise l\u2019employabilit\u00e9 de personnes atteintes du cancer.<\/p>\n\n\n\n<a href=\"https:\/\/action-margaux.ch\">https:\/\/action-margaux.ch<\/a>\n","protected":false},"excerpt":{"rendered":"<p>En 2020, nous avons soutenu les associations suivantes en donnant du mat\u00e9riel (maillots, ballons, gourdes, coupes, gobelets). Association d\u2019aide aux victimes de l\u2019explosion \u00e0 Beyrouth Ecole de Football au Br\u00e9sil&nbsp;: Escola de futebol construindo sonhos, Rio Bananal, Esperito Santo, Br\u00e9sil https:\/\/www.facebook.com\/Escola-De-Futebol-Construindo-Sonhos-Rio-Bananal-Es-1486904054933978\/?rc=p Ecole des Palettes, Gen\u00e8ve&nbsp; Association Br\u00e9silienne, Gen\u00e8ve Enfin, nous avons soutenu l\u2019exploit sportif de&#8230; <a href=\"https:\/\/www.footballissima.ch\/?page_id=514\" class=\"read-more-link\">Read More<\/a><\/p>\n","protected":false},"author":1,"featured_media":0,"parent":0,"menu_order":0,"comment_status":"closed","ping_status":"closed","template":"","meta":{"footnotes":""},"_links":{"self":[{"href":"https:\/\/www.footballissima.ch\/index.php?rest_route=\/wp\/v2\/pages\/514"}],"collection":[{"href":"https:\/\/www.footballissima.ch\/index.php?rest_route=\/wp\/v2\/pages"}],"about":[{"href":"https:\/\/www.footballissima.ch\/index.php?rest_route=\/wp\/v2\/types\/page"}],"author":[{"embeddable":true,"href":"https:\/\/www.footballissima.ch\/index.php?rest_route=\/wp\/v2\/users\/1"}],"replies":[{"embeddable":true,"href":"https:\/\/www.footballissima.ch\/index.php?rest_route=%2Fwp%2Fv2%2Fcomments&post=514"}],"version-history":[{"count":1,"href":"https:\/\/www.footballissima.ch\/index.php?rest_route=\/wp\/v2\/pages\/514\/revisions"}],"predecessor-version":[{"id":515,"href":"https:\/\/www.footballissima.ch\/index.php?rest_route=\/wp\/v2\/pages\/514\/revisions\/515"}],"wp:attachment":[{"href":"https:\/\/www.footballissima.ch\/index.php?rest_route=%2Fwp%2Fv2%2Fmedia&parent=514"}],"curies":[{"name":"wp","href":"https:\/\/api.w.org\/{rel}","templated":true}]}}