{"id":96,"date":"2014-01-30T11:32:20","date_gmt":"2014-01-30T10:32:20","guid":{"rendered":"http:\/\/www.footballissima.ch\/?page_id=96"},"modified":"2014-01-30T11:42:43","modified_gmt":"2014-01-30T10:42:43","slug":"dons-2003-2004","status":"publish","type":"page","link":"https:\/\/www.footballissima.ch\/?page_id=96","title":{"rendered":"Dons 2003-2004"},"content":{"rendered":"<p>En 2003, Footballissima a financ\u00e9 la construction d&#8217;un terrain de sport dans une \u00e9cole recueillant des orphelins de Kigali au Rwanda. Ce projet a pu \u00eatre men\u00e9 a bien gr\u00e2ce \u00e0 la pr\u00e9sence sur place d&#8217;un ami des organisateurs travaillant pour le CICR \u00e0 Kigali. Les enfants du centre pourront ainsi pratiquer leurs sports favoris (football, basket, volley) sur un terrain b\u00e9tonn\u00e9 m\u00eame pendant la p\u00e9riode des pluies qui dure plusieurs mois et qui \u00e9rodait r\u00e9guli\u00e8rement leur zone de jeu en terre.<\/p>\n<p><a href=\"https:\/\/www.footballissima.ch\/wp-content\/uploads\/2014\/01\/2003_2004.png\"><img loading=\"lazy\" decoding=\"async\" class=\"size-large wp-image-97 aligncenter\" alt=\"2003_2004\" src=\"https:\/\/www.footballissima.ch\/wp-content\/uploads\/2014\/01\/2003_2004-1024x227.png\" width=\"600\" height=\"133\" srcset=\"https:\/\/www.footballissima.ch\/wp-content\/uploads\/2014\/01\/2003_2004-1024x227.png 1024w, https:\/\/www.footballissima.ch\/wp-content\/uploads\/2014\/01\/2003_2004-300x66.png 300w, https:\/\/www.footballissima.ch\/wp-content\/uploads\/2014\/01\/2003_2004-561x125.png 561w, https:\/\/www.footballissima.ch\/wp-content\/uploads\/2014\/01\/2003_2004-344x76.png 344w, https:\/\/www.footballissima.ch\/wp-content\/uploads\/2014\/01\/2003_2004-750x166.png 750w, https:\/\/www.footballissima.ch\/wp-content\/uploads\/2014\/01\/2003_2004.png 1123w\" sizes=\"(max-width: 600px) 100vw, 600px\" \/><\/a><\/p>\n<p>En 2004, un don a \u00e9t\u00e9 fait \u00e0 une \u00e9quipe de football de Kigali (image de droite): Le FC Etoile-Filante. Cela a permis d&#8217;acheter maillots, shorts, bas, chaussures et ballons \u00e0 tous les joueurs de l&#8217;\u00e9quipe. De plus, les quatre organisateurs ont particip\u00e9 aux 24 h de ski de Villars. L&#8217;\u00e9quipe Footballissima a ski\u00e9 300 km en 24 heures et a vers\u00e9 un don \u00e0 une fondation contre la mucoviscidose.<\/p>\n","protected":false},"excerpt":{"rendered":"<p>En 2003, Footballissima a financ\u00e9 la construction d&#8217;un terrain de sport dans une \u00e9cole recueillant des orphelins de Kigali au Rwanda. Ce projet a pu \u00eatre men\u00e9 a bien gr\u00e2ce \u00e0 la pr\u00e9sence sur place d&#8217;un ami des organisateurs travaillant pour le CICR \u00e0 Kigali. Les enfants du centre pourront ainsi pratiquer leurs sports favoris&#8230; <a href=\"https:\/\/www.footballissima.ch\/?page_id=96\" class=\"read-more-link\">Read More<\/a><\/p>\n","protected":false},"author":1,"featured_media":0,"parent":0,"menu_order":0,"comment_status":"open","ping_status":"open","template":"","meta":{"footnotes":""},"_links":{"self":[{"href":"https:\/\/www.footballissima.ch\/index.php?rest_route=\/wp\/v2\/pages\/96"}],"collection":[{"href":"https:\/\/www.footballissima.ch\/index.php?rest_route=\/wp\/v2\/pages"}],"about":[{"href":"https:\/\/www.footballissima.ch\/index.php?rest_route=\/wp\/v2\/types\/page"}],"author":[{"embeddable":true,"href":"https:\/\/www.footballissima.ch\/index.php?rest_route=\/wp\/v2\/users\/1"}],"replies":[{"embeddable":true,"href":"https:\/\/www.footballissima.ch\/index.php?rest_route=%2Fwp%2Fv2%2Fcomments&post=96"}],"version-history":[{"count":1,"href":"https:\/\/www.footballissima.ch\/index.php?rest_route=\/wp\/v2\/pages\/96\/revisions"}],"predecessor-version":[{"id":98,"href":"https:\/\/www.footballissima.ch\/index.php?rest_route=\/wp\/v2\/pages\/96\/revisions\/98"}],"wp:attachment":[{"href":"https:\/\/www.footballissima.ch\/index.php?rest_route=%2Fwp%2Fv2%2Fmedia&parent=96"}],"curies":[{"name":"wp","href":"https:\/\/api.w.org\/{rel}","templated":true}]}}